
Let m(v) = v**3 + 5*v**2 + 2*v - 4. Let p = -7 - -3. Let c be m(p). Suppose 2*k = -16 + c. Let u(j) = j**2 + 5*j - 6. Give u(k).
0
Let l(r) = r**2 - 19*r - 22. Let k be l(20). Let d(a) = -a + a - 4 + 0 - a. What is d(k)?
-2
Let s(v) be the second derivative of v**3/3 - 6*v. Give s(-1).
-2
Let i(a) = -4*a**2 + 4*a**2 + 2*a**2 - a**3 - 2 + a. Let s(y) = -3*y + 13 - 2*y**3 - 6*y + y**3 - 11*y**2. Let x be s(-10). Give i(x).
-8
Let x be (-1)/((-2)/2) + -3. Let o(t) = -t**3 - 2*t**2 - 3*t - 2. Calculate o(x).
4
Let d(o) = -2*o - 4. Let a = 17 - 1. Suppose -2*h = -h - a. Suppose 0*w + 4*w + h = 0. Give d(w).
4
Suppose -x + 20 = 4*a, -a + 0*x = 4*x - 5. Let k(n) = -3*n - n**2 - 6*n**3 - 6 + 7*n**2 + 5*n**3. Give k(a).
4
Let j(i) = 0*i + 8 - 12 - 6 - i. Calculate j(-8).
-2
Suppose w + 0*w + 1 = 0. Let k(n) = 12*n**2 + n. Give k(w).
11
Let j = -5 + 6. Let s(z) be the first derivative of 5*z**2/2 + 3*z - 1. Let t(f) = -f - 1. Let l(h) = -s(h) - 4*t(h). Determine l(j).
0
Suppose -7*r - 12 = -3*r. Let c(a) = -4*a**3 - 3*a**2 - 1 + 11*a - 12*a + 3*a**3. What is c(r)?
2
Let r be (-2 - 22)*(-3)/6. Let o(p) = -29 + 6*p + r + 19. Determine o(-2).
-10
Let v(j) = -j**2 - j + 1. Suppose k - 5 = -5*t, 3*t - 5 = -k - 0. Suppose 5*m - 2*u = 6 - 4, t = 4*m + 3*u + 3. Calculate v(m).
1
Suppose -2*y - 5*n - 17 = 0, 3*n - 17 = 3*y + 2*n. Let h = 37 - 21. Let a be (6/(-4))/(y/h). Let l(t) = t**2 - 2*t - 2. Calculate l(a).
6
Let j(p) be the second derivative of p**3/6 - 2*p**2 - 26*p. Calculate j(-3).
-7
Suppose 4*c = -3*a + 2 - 4, 14 = -5*a + 4*c. Let q(k) be the first derivative of k**2 - 1/3*k**3 - 1/2*k**4 - 2 + k. Give q(a).
9
Let k(p) = 9*p + 13 + 2 + p**2 - 2*p**2 - 18. Calculate k(7).
11
Let t(c) = c**2 - c. Let b be (-5)/75*-39 + 2/5. Give t(b).
6
Let l(o) = 3*o + 2. Let r(j) = 2*j + 1. Let k(g) = -5*l(g) + 8*r(g). Let t(f) = -f**2 + 5*f + 4. Let s be t(5). Suppose s*c + 0 - 8 = 0. Calculate k(c).
0
Suppose 0 = -5*a - 1 - 4. Let f = a - 0. Let w(t) = -7*t - 2 + 0 + 1. Give w(f).
6
Let n(b) = -b**3 + 5*b**2 - 4*b + 4. Suppose 0*p = 5*p - 5*a, 0 = p - 2*a + 3. What is n(p)?
10
Let h(f) = f + 2*f**2 - 3*f**2 - 1 - f**3 + 8*f**3. Suppose y + 5 = -0*y. Let s be (-9)/15 - 8/y. What is h(s)?
6
Let y(g) = g - 3. Let u be (0 + -4)/(1 - 0). Let w = 4 - u. Let d = -5 + w. Give y(d).
0
Let x(d) = -d**3 - d**2 + d - 7. Let c(s) = -s**2 + 4*s + 12. Let r = -21 - -27. Let m be c(r). Give x(m).
-7
Let z(f) = -f**3 - 2*f**2 + 1. Let u(y) = y - 7. Let a be (-6 + -2)/(-1*1). Let l be u(a). Suppose 2*w = -l - 3. Determine z(w).
1
Suppose 6 = 2*m - 2*g, 2*g - 2 = m - 1. Let z(u) = -u + 6. Calculate z(m).
-1
Let f(v) = v**2 + 10*v + 2. Let r be f(-10). Suppose 0 = -r*u + y, 3*y - 1 = -5*u - 12. Let l(t) = t**3 - t - 1. Calculate l(u).
-1
Suppose -55*m + 59*m = 0. Let o(l) = l**2 - l + 10. Calculate o(m).
10
Let a(f) = -f - 3. Let i be a(-8). Let k(u) = i + u - 4 - 6*u. Suppose -9 = -4*l - 1. What is k(l)?
-9
Let f(h) = -9 + h**3 + 3 - 12*h - 7*h**2 + 13 + 3*h. Determine f(8).
-1
Let t(z) be the first derivative of z**4/4 - 3*z**2/2 + z + 2. Determine t(2).
3
Let w(b) = -b**2 + b - 1. Let a(d) = d**2 + 1. Let m(n) = -2*n**3 - 5*n**2 - 7. Let q(f) = 6*a(f) + m(f). Let r = 22 - 21. Let t be q(r). Determine w(t).
-7
Let w(o) be the third derivative of o**6/120 + o**5/20 + o**4/12 - o**3/6 + 3*o**2. Give w(-3).
-7
Let x(o) be the first derivative of o**3/3 + o**2/2 + 2*o - 1. Let s = 12 - 7. Suppose -4*c - 4*a - 20 = 0, s*a + 17 = -0*c - c. Give x(c).
4
Let d(s) = s**3 + 4*s**2 + 2*s - 6. Let t be d(-3). Let c(m) = -2*m**2 - 2*m + 3. Give c(t).
-9
Let n(a) = -10*a - 2 + 12*a - 2 + 3 - 20*a**2. What is n(1)?
-19
Let u(n) = n**3 + 5*n**2 + 6*n - 2. Let r(v) = -v**3 - 5*v**2 - 7*v + 1. Let j(o) = -5*r(o) - 6*u(o). Calculate j(-5).
12
Suppose 5*u = -4*w + 14 + 20, u - 5 = w. Let r = u - 5. Let j(g) = 7*g + 5. Let n(t) = -60*t - 42. Let l(x) = -42*j(x) - 5*n(x). Give l(r).
6
Let u be 10*(-3)/6*1. Let q(i) = i - 5 + i - 3*i. Give q(u).
0
Let u be -10*(-1 + (-3)/15). Suppose 2*b - 3*j + u = j, -3*j = 2*b - 9. Let r(t) = -t**3 - t**2 - t + 2. What is r(b)?
2
Let v be ((-10)/4 + 2)*0. Let t(a) be the second derivative of a**3/6 - a**2 - 5*a. Calculate t(v).
-2
Let a(d) = d + 4*d**2 + 7 - 5*d**2 + 3*d. Let b(k) = 4*k**2 + 1. Let l be b(1). What is a(l)?
2
Suppose -2*n - n = -9. Suppose m + 2*m = -3*f, -2*m = 3*f - 3. Let l(w) = f*w + 0*w + 2 - w**2 + 1. Determine l(n).
3
Suppose -15*y + 60 = -25*y. Let f(c) = c**3 + 5*c**2 - 6*c + 8. Calculate f(y).
8
Suppose -w = -0 + 2, -40 = -5*d + 5*w. Let p(m) = -m**3 + 7*m**2 - 6*m - 2. Calculate p(d).
-2
Let j(c) = 3*c**2 - 11*c - 9. Let f(h) = -h**2 + 4*h + 3. Suppose o + 0*o = 4. Let p(v) = o*j(v) + 11*f(v). What is p(0)?
-3
Let l(i) = -i**2 - i - 6. Let n(g) = g**2 + 5*g - 1. Let t be n(-5). Let q be (-3)/((6/4)/t). Suppose -3*k - 12 = 4*a, a + 4 = q*k - 3*k. Give l(a).
-6
Let y be 3 - (-3 - 3*-3). Let q be y/(3/(0 + -3)). Let s(p) = 0*p - 3*p - p + 1 + q*p. Give s(4).
-3
Let v(l) = -l**3 + 3*l**2 - 2*l + 3. Suppose 2*h - 3*t - 52 = 0, -5*h - 4*t + 149 = -2*t. Let z = -17 + h. Suppose -4*c = -0*c - z. Determine v(c).
-3
Let s = -91 + 95. Let y(m) = m**2 - 9*m + 3. What is y(s)?
-17
Let h(o) be the second derivative of -o**6/120 - o**5/30 + o**4/6 - o**3/6 - 3*o**2/2 + 3*o. Let v(x) be the first derivative of h(x). What is v(-3)?
-4
Let j(n) be the first derivative of -n**3/3 + n + 1. Suppose -50 = -5*d + 5*t, 2*d - 4 - 1 = -t. Suppose 8 = u + d. Determine j(u).
-8
Let u be (12/(-6))/(1/(-2)). Let k(x) = x**3 + x**2 - x - 1. Let w = 2 - 1. Let l(d) = 3*d**3 - 2*d**2 - 2*d - 5. Let r(o) = w*l(o) - 2*k(o). Give r(u).
-3
Let n = -27 - -27. Let r(y) = -y**2 + 10. What is r(n)?
10
Let u(d) be the third derivative of 0 - 1/6*d**3 + 0*d + 1/30*d**5 - 1/12*d**4 - 1/120*d**6 + 2*d**2. Calculate u(2).
-5
Suppose l - 3 + 1 = 0. Let d(c) = -c**3 + 5*c**2 + 2*c - 5. Let m be d(5). Let n(s) = -s - 4. Let w(z) = z + 9. Let j(g) = l*w(g) + m*n(g). Calculate j(-2).
4
Let g(m) = 2*m**2 - 3 + 0*m**3 + 2*m - 4*m**3 + 3*m**3. Let u(r) = -r**2 + 7*r + 3. Let i be 1*6 - 1/(-1). Let x be u(i). What is g(x)?
-6
Let o(q) = 2*q**2 + q - 1. Let s(c) be the second derivative of c**3/6 + 5*c**2 + c. Let x be s(-12). What is o(x)?
5
Let o(z) be the third derivative of -z**5/10 - z**3/6 - 4*z**2. Let m be 1 + (3 + -1 - 2). Calculate o(m).
-7
Suppose -4*c - c = 25. Let v(a) be the second derivative of a**5/20 + 5*a**4/12 + a**3/6 + 7*a**2/2 + 5*a. What is v(c)?
2
Let y(d) = 3*d - 3. Let o(m) = -10*m**2 + 4*m + 7*m**2 + 3 + 5*m**2. Let z be o(-2). Calculate y(z).
6
Let l(w) = w. Suppose 3*n - 2*z = 3*z - 8, -5*z + 20 = 0. Suppose n*f + 0 = -8. Determine l(f).
-2
Suppose i - 6*a + 3*a - 9 = 0, 5*i = -5*a + 5. Let f(y) = y + 2. Let h be f(0). Let u(o) = -5*o**i + h*o**2 + 5*o - 4*o + 10*o**3. What is u(-1)?
-4
Let k(h) be the second derivative of h**5/20 + h**4/12 - 2*h**3/3 + h. Determine k(-3).
-6
Suppose 25 + 25 = 5*m. Let h(a) = 3 + 0*a**2 + 15*a + a**2 - m*a. Determine h(-4).
-1
Let u(h) = h**3 + 7*h**2 + 8*h + 9. Let i(n) = 2*n**2 - 4*n + 2. Let l be i(2). Let a = -8 + l. What is u(a)?
-3
Let d(b) = b**3 - b**2 + 2*b - 1. Let p be d(1). Suppose 9*g - 7*g = 8. Let n = p + g. Let o(t) = -t**2 + 5*t. Give o(n).
0
Let a(c) be the first derivative of 2*c**3/3 - c**2 - 3*c - 7. Determine a(-2).
9
Let c(l) = 4*l**3 - 2*l**2 + l - 7. Let p(r) = r**3 - 1. Let b(k) = -c(k) + 3*p(k). Calculate b(3).
-8
Let i(t) = t. Let f(o) = 10*o + 1. Let y be f(-1). Let s be (-12)/(-10)*(-30)/y. Give i(s).
4
Let c = -9 + 7. Let o(f) be the second derivative of 0 - 5/6*f**3 + 2*f - f**2. Calculate o(c).
8
Let n(q) be the third derivative of -7*q**6/120 + q**3/6 + 31*q**2. Determine n(1).
-6
Let w(v) = v + 1. Let p(z) = -z**3 + 4*z**2 + 12*z - 4. Let a be p(6). Determine w(a).
-3
Suppose 3 - 11 = -4*u. Let m(w) be the second derivative of -2*w + 5/6*w**3 + 1/20*w**5 + 0 + 1/2*w**4 + 0*w**u. Calculate m(-5).
0
Suppose 5*p + 34 - 4 = 0. Let z(d) be the first derivative of 4*d + 1/4*d**4 + 2*d**3 + 0*d**2 - 1. Calculate z(p).
4
Let o(t) = t**2 - 2*t - 4. Let l be o(4). Suppose 85 - 13 = l*q - p, -2*q + 4*p = -50. Suppose -2 = -5*m - q. Let v(u) = -u**2 - 5*u - 4. Give v(m).
2
Let q(m) = -m**3 - 3*m**2 - m + 3.